{"id":1025,"date":"2025-11-19T12:33:30","date_gmt":"2025-11-19T12:33:30","guid":{"rendered":"https:\/\/dippedutten.dk\/?post_type=product&#038;p=1025"},"modified":"2025-12-08T17:40:05","modified_gmt":"2025-12-08T17:40:05","slug":"pizza-skaerebraet-42x4","status":"publish","type":"product","link":"https:\/\/dippedutten.dk\/?product=pizza-skaerebraet-42x4","title":{"rendered":"Pizza- sk\u00e6rebr\u00e6t  42&#215;4"},"content":{"rendered":"<p><!--more-->TR\u00c6SORT:<\/p>\n<p>Gummitr\u00e6<\/p>\n<p>DIAMETER:<\/p>\n<p>42 cm<\/p>\n<p>H\u00d8JDE:<\/p>\n<p>4 cm<\/p>\n<p>BEHANDLING:<\/p>\n<p>&nbsp;<\/p>\n<p>Valn\u00f8ddeolie<\/p>\n<p>\u00d8kologisk, koldpresset og uden tils\u00e6tningsstoffer. Den bruges blandt andet til dips, saucer og dressing, og f\u00e5s i almindelige supermarkeder.<\/p>\n<p>&nbsp;<\/p>\n<p>PRIS: 400,-<\/p>\n<p>&nbsp;<\/p>\n<p>Er du interesseret, er du velkommen til at kontakte mig &#8211; (kontakt p\u00e5 forsiden)<\/p>\n","protected":false},"excerpt":{"rendered":"","protected":false},"featured_media":1028,"template":"","meta":[],"product_brand":[],"product_cat":[30],"product_tag":[69],"class_list":{"0":"post-1025","1":"product","2":"type-product","3":"status-publish","4":"has-post-thumbnail","6":"product_cat-fade","7":"product_tag-gummitrae-stavlimet","9":"first","10":"outofstock","11":"shipping-taxable","12":"purchasable","13":"product-type-simple"},"_links":{"self":[{"href":"https:\/\/dippedutten.dk\/index.php?rest_route=\/wp\/v2\/product\/1025","targetHints":{"allow":["GET"]}}],"collection":[{"href":"https:\/\/dippedutten.dk\/index.php?rest_route=\/wp\/v2\/product"}],"about":[{"href":"https:\/\/dippedutten.dk\/index.php?rest_route=\/wp\/v2\/types\/product"}],"wp:featuredmedia":[{"embeddable":true,"href":"https:\/\/dippedutten.dk\/index.php?rest_route=\/wp\/v2\/media\/1028"}],"wp:attachment":[{"href":"https:\/\/dippedutten.dk\/index.php?rest_route=%2Fwp%2Fv2%2Fmedia&parent=1025"}],"wp:term":[{"taxonomy":"product_brand","embeddable":true,"href":"https:\/\/dippedutten.dk\/index.php?rest_route=%2Fwp%2Fv2%2Fproduct_brand&post=1025"},{"taxonomy":"product_cat","embeddable":true,"href":"https:\/\/dippedutten.dk\/index.php?rest_route=%2Fwp%2Fv2%2Fproduct_cat&post=1025"},{"taxonomy":"product_tag","embeddable":true,"href":"https:\/\/dippedutten.dk\/index.php?rest_route=%2Fwp%2Fv2%2Fproduct_tag&post=1025"}],"curies":[{"name":"wp","href":"https:\/\/api.w.org\/{rel}","templated":true}]}}